2 + 4*c. Let j = -2 + -3. Give p(j).
-2
Let t(b) be the first derivative of -b**6/15 - b**5/60 + b**4/24 + b**3/6 + 3*b**2 + 1. Let y(p) be the second derivative of t(p). Determine y(-1).
7
Suppose -f + 5*w + 10 = 4*f, 5*f - w = 2. Suppose 3*q + 2*d = -13, -3*q - d = -q + 7. Let s = f - q. Let c(l) = 3*l**2 - 2*l + 1. Calculate c(s).
2
Let z be (-7)/(-1) - (4 - 0). Let w(b) = -15*b**2 - 3*b + 11*b**2 - b**3 + 0*b**z - 4 + 2. What is w(-3)?
-2
Suppose x - 1 = -11. Let c be (-8)/(-10)*x/(-4). Let q(i) = 5*i**3 + 2 + 0*i**2 + i**2 - 6*i**3. What is q(c)?
-2
Let r(o) = -3 + 4 - 9*o + 19*o - 7*o. Give r(3).
10
Let o(x) = -x - 3. Let v = 20 - 23. Give o(v).
0
Let v(g) = g**3 - g**2 - g. Suppose 16 = -2*u + 14. Calculate v(u).
-1
Suppose 8*u - 9 = 5*u. Suppose -u*x = -4*x - 5. Let y(m) = m - 1. Calculate y(x).
-6
Let n = -1/22 + 6/11. Let a(r) be the second derivative of n*r**4 + 0 + 0*r**3 - 3/2*r**2 - 4*r + 1/20*r**5. What is a(-6)?
-3
Let m(b) = -2 + 7*b - 12*b + 3 - 2. Determine m(1).
-6
Suppose -2 - 2 = -4*y. Let i(x) be the first derivative of x**6/120 - x**5/120 + x**4/24 + 2*x**3/3 - 2. Let l(s) be the third derivative of i(s). What is l(y)?
3
Let m(c) = 2 + 5*c**2 + 10*c - 2*c**2 - 6*c. Suppose -5*f - 3 = 4*i - 1, -5*f - 20 = -5*i. Calculate m(f).
6
Suppose 0 = -7*f + f. Let w(k) = k + 20. Give w(f).
20
Let o(l) be the third derivative of l**6/120 + l**5/30 - l**4/8 - 2*l**3/3 + 16*l**2. Determine o(-3).
-4
Let d(h) be the first derivative of -h**4/4 - h**3 + h**2 - 6. What is d(-3)?
-6
Let z(y) be the third derivative of 1/12*y**4 + 0*y + 0 - 1/3*y**3 - y**2 - 1/60*y**5. Calculate z(2).
-2
Let d be 2*3/(-36) - 74/(-12). Let q(x) = x**2 - 9*x + 8. Determine q(d).
-10
Let l(s) = 3*s**2 - s - 1. Let h(r) = 6*r + 4. Let b be h(-1). Determine l(b).
13
Let p(a) = -a - 5. Let d be 0 - 1 - (3 - 36). Let n = d + -20. Let o = n - 8. What is p(o)?
-9
Let p(b) be the third derivative of -b**5/60 + 5*b**4/24 - 5*b**3/6 - b**2. Suppose -57 + 189 = 22*z. What is p(z)?
-11
Let o(f) = -f**3 - 5*f**2 - f - 1. Let r(l) = -l - 2. Let s be r(2). Give o(s).
-13
Let a(u) = 8*u + 2. Suppose -5*d + 0 = 5. Let n be a(d). Let j(k) = -k**2 - 6*k + 7. What is j(n)?
7
Let d(n) = n - 11. Let p be d(14). Let v(x) = -x**3 + 4*x**2 - 2*x + 4. Determine v(p).
7
Let r(w) be the third derivative of w**5/60 + 5*w**4/12 + 4*w**3/3 - 48*w**2. What is r(-8)?
-8
Let v(b) be the second derivative of -b**5/20 + 5*b**4/12 - 5*b**2/2 + 8*b. Let l be (6 - 0) + -2 + 1. Calculate v(l).
-5
Let y(t) be the first derivative of -t**4/4 - 2*t**3 + 8*t + 14. Give y(-6).
8
Let u(h) = -h - 4. Suppose a - 9 = 4*a + 4*v, -32 = 5*a + v. Determine u(a).
3
Let l(a) = 0 - 3*a - 13 + 3 + 2*a. Let h(c) = -4*c**2 - 1. Suppose -3*b = 2*b + 5. Let o be h(b). What is l(o)?
-5
Let p be -32*(-1)/(-1 + 3). Suppose -2*c - p = -5*k, 6*c - 3*c - 3*k = -6. Let f(u) = -2*u**2 + u + 2. Calculate f(c).
-4
Let a(f) = -3*f**3 - 1. Let b(p) = 4*p**3 + 1. Let t(x) = 6*a(x) + 5*b(x). Let m = -3 + -1. Let c = -5 - m. Calculate t(c).
-3
Suppose 0 = 4*b - 12, 2*t - 23 = 6*t - b. Let l(a) = -a**2 - 5*a - 1. Give l(t).
-1
Suppose -6*d + 12 = -3*d. Let l be d/2 - (0 - -1). Let j(z) = 10*z**3 - 2*z + 1. Give j(l).
9
Let r(b) = -b + 6. Suppose 0 = 5*w - 2*w - 21. Let h be r(w). Let f(c) = -1 + 4*c**3 + 2*c + 2*c**2 - 2*c + 0*c. What is f(h)?
-3
Let h(n) = -14 + n + 10 - 5. Give h(10).
1
Let h = 8 - 6. Let p(c) = 6*c**2 + 5*c + 4 + 6*c**h - 11*c**2. What is p(-4)?
0
Let b(g) be the third derivative of 2/3*g**3 + 1/6*g**4 + 0 + 1/60*g**5 - 4*g**2 + 0*g. Calculate b(-3).
1
Let u be (2/(-6))/((-11)/99). Suppose 0 = 2*m + m + u. Let a(t) = 1 - 1 + 1 - 4*t. What is a(m)?
5
Suppose -39*y = -33*y - 18. Let m(k) = -2*k**2 + 3*k - 4. Calculate m(y).
-13
Let f(d) be the second derivative of -d**5/20 - 5*d**4/12 - 5*d**3/6 - 2*d**2 + 13*d. What is f(-4)?
0
Let t(x) = -5 + x + 1 + 6 + x**2. Suppose j + 2 = -j. Let w be 2 - (-2)/(j/1). Calculate t(w).
2
Let y(b) = b - 4. Let a be y(5). Let o(f) = 9*f**3 + 13*f**2 - 15*f + 13. Let g(t) = -5*t**3 - 7*t**2 + 8*t - 7. Let w(n) = -11*g(n) - 6*o(n). Determine w(a).
1
Let z(q) be the third derivative of -q**5/60 + 5*q**4/24 - 5*q**3/6 - 11*q**2. Give z(4).
-1
Let w(f) = -f + 4. Let m(q) = 3*q - 13. Let l(x) = -3*m(x) - 8*w(x). Calculate l(0).
7
Suppose -u - 5*n = 15, u + 4*u + 5*n = 5. Let z(l) = -l**3 + 4*l**2 + 3*l + 7. Calculate z(u).
-3
Let y(w) = -w**3 - 3*w**2 + 8*w + 11. Let n(o) = -o**3 - 4*o**2 + 8*o + 10. Let t(v) = -3*n(v) + 2*y(v). What is t(-7)?
-1
Let y(z) = z**2 + 11*z - 11. Let o(s) = 2*s**2 + 23*s - 23. Let v(c) = -4*o(c) + 9*y(c). Calculate v(-6).
-13
Let t(v) be the second derivative of 0 - 1/2*v**2 + 4*v - 1/3*v**3. What is t(-2)?
3
Let s(u) = 3 - 4*u + u - 1 - 1. Calculate s(-1).
4
Suppose 5*b + 4*o = 3, 2*b + 2*o - 5*o - 15 = 0. Suppose -b*s = -0*s. Suppose s = -3*h - 0*h. Let l(r) = r**2. What is l(h)?
0
Let h = 25 + -14. Suppose -3*p - 26 = -h. Let u(o) = o**2 + 6*o + 6. What is u(p)?
1
Let z = 0 + 2. Let h(j) = -3*j**2 + 6 + 3*j**2 + z*j + j**2 - 4. Determine h(-3).
5
Let k = -2 + 2. Suppose 3*c - 9 = -k*c. Let l be 1/(-3) - 2/c. Let s(q) = -2*q**2 - 1. Determine s(l).
-3
Let p(s) = 21*s - 19. Let k be p(1). Suppose 7*u - 5*o = 2*u + 10, 6 = -3*o. Let t(c) = 2*c - 3 - c**3 + 2*c**2 - c**2 + u*c. Determine t(k).
-3
Let f(g) = g**2 + 3*g. Let s = -36 - -31. Give f(s).
10
Suppose 20*o - 17*o - 21 = 0. Let b(r) = -r + 3 + 3 + 2 - 3. Determine b(o).
-2
Let b(c) = c**2 + 12*c - 24. Let z be b(-14). Let l(u) = u**3 - 3*u**2 - 3*u - 5. Give l(z).
-1
Let y(z) = -z**2 + 4*z + 6. Let w be 5/4*(-17 - -21). What is y(w)?
1
Suppose 0 = 3*h + 3*i - 4*i - 11, -3*i = -12. Let p(x) = 2*x**3 + 2*x**2 + x - 1. Let t(u) = -5*u**3 - 12*u**2 - u + 5. Let m(g) = -3*p(g) - t(g). What is m(h)?
13
Let b(o) = o. Let p(t) = t - 3. Let f be p(4). Suppose 3*k + 14 = -f. Determine b(k).
-5
Let a(u) = u**3 + 4*u**2 + 3*u + 3. Let k = -7 - -3. What is a(k)?
-9
Let x(r) = -r - 8. Let l be x(-7). Let h(v) = 13*v**3 - v. Calculate h(l).
-12
Let h(x) be the second derivative of x**4/12 - 2*x**3/3 + x**2/2 - 37*x. What is h(3)?
-2
Let p be 1*(-12)/4*-1. Let o(x) be the first derivative of 1/2*x**2 + 0*x - 1/3*x**3 - 2. Calculate o(p).
-6
Let v(t) = -t**3 + t**2 + 5. Let i be v(0). Let b(o) = -3*o - o - i*o**2 + 3*o. Calculate b(1).
-6
Let i(w) be the first derivative of 2*w**3/3 - 2*w**2 + 3*w + 19. What is i(3)?
9
Let z(v) = 7*v**2 + 7*v + 14. Let r(f) = 13*f**2 + 14*f + 27. Let k(y) = -6*r(y) + 11*z(y). Calculate k(-8).
-16
Let o(p) = -p**2 - 6*p. Suppose 18 = -5*m - 12. Determine o(m).
0
Let w be 1/(-3)*0 + 4. Let h(j) = 0*j + j**3 + j + w*j**2 - 6*j. Calculate h(-5).
0
Let g(o) = -o**2 - 8*o - 3. Let n be g(-7). Let m = n - 0. Let c(s) = s**2 - 2*s + 0 + 3 + m*s. Determine c(-2).
3
Let x(y) = y**2 + 4*y + 1. Suppose 0 = 2*g - 7 + 3. Let o(d) = g*d - 1 + 6*d + 2*d**2 + 3. Let c(p) = 2*o(p) - 5*x(p). Determine c(-3).
2
Suppose -6*w + w = -v - 2, 3*w - 18 = -5*v. Let g(i) = -4*i**3 - 3*i**3 + 0 + 6 + 6*i**v - i. What is g(0)?
6
Suppose 2*f - 3*m + 21 = 0, 26 = -3*f + 3*m - 4*m. Let k be 21/f + 2/(-3). Let x(h) = -h**3 - 2*h**2 + 2*h + 4. Give x(k).
7
Let f(y) = 4*y + 3. Suppose -4*s = n - 24, 3*n + 3*s - 103 = -2*n. Let k = 28 - n. Suppose k = -4*l - 0*l. Give f(l).
-5
Suppose -4*n = -2*p + 6, 0*p + 4*n = -4*p. Let f be 2/4 + 1/(-2). Let d = f - p. Let q(m) = -5*m**3 - m**2 - 2*m - 1. What is q(d)?
5
Let h = -7 + 5. Let t(r) = -16*r + 10. Let n(d) be the first derivative of -3*d**2/2 + 2*d - 2. Let v(y) = -11*n(y) + 2*t(y). Give v(h).
-4
Let x = 9 + -3. Let m(t) = 6*t**3 + 4*t**2 + 2*t - 3. Let u(r) = 7*r**3 + 4*r**2 + 2*r - 4. Let g(l) = x*m(l) - 5*u(l). What is g(-3)?
5
Suppose -4*q = -5*r - 3*q + 40, -4*q + 11 = -r. Let o be ((-6)/r)/((-2)/(-6)). Let y(b) be the second derivative of -5*b**3/6 - 3*b**2/2 + 30*b. Give y(o).
7
Let t = 6 + -4. Let q(b) = 5*b**t + 2*b**2 - b - 2*b**2 - b**3. Suppose -9 = -2*g - o - 0, -4*o = -g + 9. Determine q(g).
-5
Let i(m) = -5 + 7 - m**2 - 3 - 1 - 4*m. Determine i(-4).
-2
Let l(f) be the third derivative of -f**6/120 - f**5/15 + f**3/2 + 2*f**2. Suppose -5*o = -7 - 18. Let t be (-2 - -3 - o)/1. Calculate l(t).
3
Let h be -2*(2/4 - 0). Let u(p) = -6*p - 1. Give u(h).
5
Supp